{"id":326,"date":"2026-02-16T21:34:36","date_gmt":"2026-02-16T20:34:36","guid":{"rendered":"https:\/\/www.eisdealer-erzgebirge.de\/?page_id=326"},"modified":"2026-02-17T12:48:18","modified_gmt":"2026-02-17T11:48:18","slug":"eisbomben","status":"publish","type":"page","link":"https:\/\/www.eisdealer-erzgebirge.de\/?page_id=326","title":{"rendered":"Eisbomben"},"content":{"rendered":"\n<div style=\"height:28px\" aria-hidden=\"true\" class=\"wp-block-spacer\"><\/div>\n\n\n\n<p>Eisbomben in verschiedenen Formen und Gr\u00f6\u00dfen. Bestellungen mind. 14 Tagen vorher, da dies in nebenberuflicher T\u00e4tigkeit geschieht.<\/p>\n\n\n\n<figure class=\"wp-block-image size-large is-resized\"><img loading=\"lazy\" decoding=\"async\" width=\"1024\" height=\"586\" src=\"https:\/\/www.eisdealer-erzgebirge.de\/wp-content\/uploads\/2026\/02\/Eisbimbe-April-2026-1024x586.png\" alt=\"Eisbombe halbkugel\" class=\"wp-image-329\" style=\"width:806px;height:auto\" srcset=\"https:\/\/www.eisdealer-erzgebirge.de\/wp-content\/uploads\/2026\/02\/Eisbimbe-April-2026-1024x586.png 1024w, https:\/\/www.eisdealer-erzgebirge.de\/wp-content\/uploads\/2026\/02\/Eisbimbe-April-2026-300x172.png 300w, https:\/\/www.eisdealer-erzgebirge.de\/wp-content\/uploads\/2026\/02\/Eisbimbe-April-2026-768x439.png 768w, https:\/\/www.eisdealer-erzgebirge.de\/wp-content\/uploads\/2026\/02\/Eisbimbe-April-2026-1536x879.png 1536w, https:\/\/www.eisdealer-erzgebirge.de\/wp-content\/uploads\/2026\/02\/Eisbimbe-April-2026.png 1599w\" sizes=\"auto, (max-width: 1024px) 100vw, 1024px\" \/><\/figure>\n\n\n\n<div style=\"height:24px\" aria-hidden=\"true\" class=\"wp-block-spacer\"><\/div>\n\n\n\n<figure class=\"wp-block-image size-large is-resized\"><img loading=\"lazy\" decoding=\"async\" width=\"768\" height=\"1024\" src=\"https:\/\/www.eisdealer-erzgebirge.de\/wp-content\/uploads\/2026\/02\/Eisbombe-mit-Sahne-768x1024.png\" alt=\"Eisbombenturm mit Sahne\" class=\"wp-image-328\" style=\"aspect-ratio:0.7499999812698993;width:678px;height:auto\" srcset=\"https:\/\/www.eisdealer-erzgebirge.de\/wp-content\/uploads\/2026\/02\/Eisbombe-mit-Sahne-768x1024.png 768w, https:\/\/www.eisdealer-erzgebirge.de\/wp-content\/uploads\/2026\/02\/Eisbombe-mit-Sahne-225x300.png 225w, https:\/\/www.eisdealer-erzgebirge.de\/wp-content\/uploads\/2026\/02\/Eisbombe-mit-Sahne-1152x1536.png 1152w, https:\/\/www.eisdealer-erzgebirge.de\/wp-content\/uploads\/2026\/02\/Eisbombe-mit-Sahne.png 1200w\" sizes=\"auto, (max-width: 768px) 100vw, 768px\" \/><\/figure>\n\n\n\n<div style=\"height:26px\" aria-hidden=\"true\" class=\"wp-block-spacer\"><\/div>\n\n\n\n<figure class=\"wp-block-image size-large is-resized\"><img loading=\"lazy\" decoding=\"async\" width=\"1024\" height=\"768\" src=\"https:\/\/www.eisdealer-erzgebirge.de\/wp-content\/uploads\/2026\/02\/Zuckertueten-Eisbombe-1024x768.png\" alt=\"Zuckert\u00fcteneisbombe\" class=\"wp-image-327\" style=\"width:809px;height:auto\" srcset=\"https:\/\/www.eisdealer-erzgebirge.de\/wp-content\/uploads\/2026\/02\/Zuckertueten-Eisbombe-1024x768.png 1024w, https:\/\/www.eisdealer-erzgebirge.de\/wp-content\/uploads\/2026\/02\/Zuckertueten-Eisbombe-300x225.png 300w, https:\/\/www.eisdealer-erzgebirge.de\/wp-content\/uploads\/2026\/02\/Zuckertueten-Eisbombe-768x576.png 768w, https:\/\/www.eisdealer-erzgebirge.de\/wp-content\/uploads\/2026\/02\/Zuckertueten-Eisbombe-1536x1152.png 1536w, https:\/\/www.eisdealer-erzgebirge.de\/wp-content\/uploads\/2026\/02\/Zuckertueten-Eisbombe.png 1600w\" sizes=\"auto, (max-width: 1024px) 100vw, 1024px\" \/><\/figure>\n\n\n\n<p><\/p>\n","protected":false},"excerpt":{"rendered":"<p>Eisbomben in verschiedenen Formen und Gr\u00f6\u00dfen. Bestellungen mind. 14 Tagen vorher, da dies in nebenberuflicher T\u00e4tigkeit geschieht.<\/p>\n","protected":false},"author":1,"featured_media":0,"parent":0,"menu_order":0,"comment_status":"closed","ping_status":"closed","template":"","meta":{"_EventAllDay":false,"_EventTimezone":"","_EventStartDate":"","_EventEndDate":"","_EventStartDateUTC":"","_EventEndDateUTC":"","_EventShowMap":false,"_EventShowMapLink":false,"_EventURL":"","_EventCost":"","_EventCostDescription":"","_EventCurrencySymbol":"","_EventCurrencyCode":"","_EventCurrencyPosition":"","_EventDateTimeSeparator":"","_EventTimeRangeSeparator":"","_EventOrganizerID":[],"_EventVenueID":[],"_OrganizerEmail":"","_OrganizerPhone":"","_OrganizerWebsite":"","_VenueAddress":"","_VenueCity":"","_VenueCountry":"","_VenueProvince":"","_VenueState":"","_VenueZip":"","_VenuePhone":"","_VenueURL":"","_VenueStateProvince":"","_VenueLat":"","_VenueLng":"","_VenueShowMap":false,"_VenueShowMapLink":false,"footnotes":""},"class_list":["post-326","page","type-page","status-publish","hentry"],"_links":{"self":[{"href":"https:\/\/www.eisdealer-erzgebirge.de\/index.php?rest_route=\/wp\/v2\/pages\/326","targetHints":{"allow":["GET"]}}],"collection":[{"href":"https:\/\/www.eisdealer-erzgebirge.de\/index.php?rest_route=\/wp\/v2\/pages"}],"about":[{"href":"https:\/\/www.eisdealer-erzgebirge.de\/index.php?rest_route=\/wp\/v2\/types\/page"}],"author":[{"embeddable":true,"href":"https:\/\/www.eisdealer-erzgebirge.de\/index.php?rest_route=\/wp\/v2\/users\/1"}],"replies":[{"embeddable":true,"href":"https:\/\/www.eisdealer-erzgebirge.de\/index.php?rest_route=%2Fwp%2Fv2%2Fcomments&post=326"}],"version-history":[{"count":3,"href":"https:\/\/www.eisdealer-erzgebirge.de\/index.php?rest_route=\/wp\/v2\/pages\/326\/revisions"}],"predecessor-version":[{"id":346,"href":"https:\/\/www.eisdealer-erzgebirge.de\/index.php?rest_route=\/wp\/v2\/pages\/326\/revisions\/346"}],"wp:attachment":[{"href":"https:\/\/www.eisdealer-erzgebirge.de\/index.php?rest_route=%2Fwp%2Fv2%2Fmedia&parent=326"}],"curies":[{"name":"wp","href":"https:\/\/api.w.org\/{rel}","templated":true}]}}